{"id":3556,"date":"2025-03-28T08:05:43","date_gmt":"2025-03-28T11:05:43","guid":{"rendered":"https:\/\/www.maquila.org.py\/v3\/?page_id=3556"},"modified":"2025-03-30T23:16:41","modified_gmt":"2025-03-31T02:16:41","slug":"aspectos-tributarios","status":"publish","type":"page","link":"https:\/\/www.maquila.org.py\/v3\/aspectos-tributarios\/","title":{"rendered":"Aspectos Tributarios"},"content":{"rendered":"<p>En sustituci\u00f3n de cualquier otro tributo sobre las ganancias, se establece un Tributo<br>\u00danico del Uno (1) % a aplicarse sobre el Valor Agregado en Territorio Nacional.<\/p><p><strong>\u00bfQue es Valor Agregado en Territorio Nacional?<\/strong><\/p><p>Es la sumatoria de:<\/p><p>Bienes adquiridos en el pa\u00eds para cumplir con el contrato de maquila y sub-maquila.<br>Se debe entender por compras en el pa\u00eds los bienes de compra local o importados definitivamente por el maquilador o submaquilador.<\/p><p><strong>Servicios contratados. Comprende:<\/strong><br>1). Servicios de energ\u00eda el\u00e9ctrica, agua, tel\u00e9fono, otros similares;<br>2). Servicios de profesionales independientes;<br>3). Costo de financiamiento de capital operativo de la f\u00e1brica;<br>4). Seguros de planta industrial, materias primas y de productos terminados;<br>5). Depreciaci\u00f3n de maquinarias en caso de ser de propiedad de la Maquiladora;<br>6). Alquileres o arrendamientos pagados, sea por inmuebles, plantas equipos, etc;<br>7). Dem\u00e1s servicios contratados no detallados anteriormente.<\/p><p>Salarios pagados en el pa\u00eds Incluyendo cargas sociales.<\/p><p><strong>Exoneraciones tributarias:<\/strong><br>Las maquiladoras est\u00e1n exentas de cualquier otro tributo nacional, departamental o municipal, con excepci\u00f3n del Tributo \u00danico del 1 %.<br>Para las ventas en el mercado local (m\u00e1ximo 10% de la producci\u00f3n del a\u00f1o anterior, previa autorizaci\u00f3n del CNIME) deben pagarse todos los aranceles y tributos que fueran suspendidos. Lo mismo se requiere para la nacionalizaci\u00f3n de sub-productos, productos y desperdicios.<\/p><p><strong>Esta exoneraci\u00f3n se extiende a:<\/strong><br>a) La importaci\u00f3n de los bienes previstos en el Contrato de Maquila;<br>b) La re-exportaci\u00f3n de los bienes importados bajo dicho Contrato;<br>c) La re-exportaci\u00f3n de los bienes transformados, elaborados, reparados o ensamblados bajo dicho Contrato.<\/p><p><strong>Recuperaci\u00f3n del IVA:<\/strong><br>En cuanto al Impuesto al Valor Agregado, el Maquilador se constituye en agente de retenci\u00f3n (100%), y recupera el IVA retenido y depositado en un plazo m\u00e1x. de 10 d\u00edas; el saldo puede tambi\u00e9n recuperarlo en el mismo plazo garantizando por 60 dias a trav\u00e9s de una p\u00f3liza de seguro o garant\u00eda bancaria el monto a recuperar.<\/p><p>M\u00e1s detalles en el siguiente link:<\/p><div class=\"wp-block-buttons is-layout-flex wp-block-buttons-is-layout-flex\"><div class=\"wp-block-button is-style-fill\"><a class=\"wp-block-button__link wp-element-button\" href=\"https:\/\/www.dnit.gov.py\/web\/portal-institucional\/\" target=\"_blank\" rel=\"noreferrer noopener\">Direcci\u00f3n Nacional de Ingresos Tributarios<\/a><\/div><\/div><figure class=\"wp-block-image size-large\"><img fetchpriority=\"high\" decoding=\"async\" width=\"1024\" height=\"359\" src=\"https:\/\/www.maquila.org.py\/v3\/wp-content\/uploads\/2025\/03\/tributario--1024x359.jpg\" alt=\"\" class=\"wp-image-3557\" srcset=\"https:\/\/www.maquila.org.py\/v3\/wp-content\/uploads\/2025\/03\/tributario--1024x359.jpg 1024w, https:\/\/www.maquila.org.py\/v3\/wp-content\/uploads\/2025\/03\/tributario--300x105.jpg 300w, https:\/\/www.maquila.org.py\/v3\/wp-content\/uploads\/2025\/03\/tributario--255x89.jpg 255w, https:\/\/www.maquila.org.py\/v3\/wp-content\/uploads\/2025\/03\/tributario--510x179.jpg 510w, https:\/\/www.maquila.org.py\/v3\/wp-content\/uploads\/2025\/03\/tributario--280x98.jpg 280w, https:\/\/www.maquila.org.py\/v3\/wp-content\/uploads\/2025\/03\/tributario--560x196.jpg 560w, https:\/\/www.maquila.org.py\/v3\/wp-content\/uploads\/2025\/03\/tributario--350x123.jpg 350w, https:\/\/www.maquila.org.py\/v3\/wp-content\/uploads\/2025\/03\/tributario--700x246.jpg 700w, https:\/\/www.maquila.org.py\/v3\/wp-content\/uploads\/2025\/03\/tributario--398x140.jpg 398w, https:\/\/www.maquila.org.py\/v3\/wp-content\/uploads\/2025\/03\/tributario--796x279.jpg 796w, https:\/\/www.maquila.org.py\/v3\/wp-content\/uploads\/2025\/03\/tributario--327x115.jpg 327w, https:\/\/www.maquila.org.py\/v3\/wp-content\/uploads\/2025\/03\/tributario-.jpg 1140w\" sizes=\"(max-width: 1024px) 100vw, 1024px\" \/><\/figure><hr class=\"wp-block-separator has-alpha-channel-opacity\"\/><p><\/p>","protected":false},"excerpt":{"rendered":"<p>En sustituci\u00f3n de cualquier otro tributo sobre las ganancias, se establece un Tributo\u00danico del Uno (1) % a aplicarse sobre el Valor Agregado en Territorio Nacional. \u00bfQue es Valor Agregado en Territorio Nacional? Es la sumatoria de: Bienes adquiridos en el pa\u00eds para cumplir con el contrato de maquila y sub-maquila.Se debe entender por compras&#8230;<\/p>\n","protected":false},"author":1,"featured_media":0,"parent":0,"menu_order":0,"comment_status":"closed","ping_status":"closed","template":"","meta":{"pgc_sgb_lightbox_settings":"","_joinchat":[],"footnotes":""},"class_list":["post-3556","page","type-page","status-publish","hentry"],"_links":{"self":[{"href":"https:\/\/www.maquila.org.py\/v3\/wp-json\/wp\/v2\/pages\/3556"}],"collection":[{"href":"https:\/\/www.maquila.org.py\/v3\/wp-json\/wp\/v2\/pages"}],"about":[{"href":"https:\/\/www.maquila.org.py\/v3\/wp-json\/wp\/v2\/types\/page"}],"author":[{"embeddable":true,"href":"https:\/\/www.maquila.org.py\/v3\/wp-json\/wp\/v2\/users\/1"}],"replies":[{"embeddable":true,"href":"https:\/\/www.maquila.org.py\/v3\/wp-json\/wp\/v2\/comments?post=3556"}],"version-history":[{"count":4,"href":"https:\/\/www.maquila.org.py\/v3\/wp-json\/wp\/v2\/pages\/3556\/revisions"}],"predecessor-version":[{"id":3604,"href":"https:\/\/www.maquila.org.py\/v3\/wp-json\/wp\/v2\/pages\/3556\/revisions\/3604"}],"wp:attachment":[{"href":"https:\/\/www.maquila.org.py\/v3\/wp-json\/wp\/v2\/media?parent=3556"}],"curies":[{"name":"wp","href":"https:\/\/api.w.org\/{rel}","templated":true}]}}